{"id":534,"date":"2022-02-21T12:17:00","date_gmt":"2022-02-21T09:17:00","guid":{"rendered":"http:\/\/tarexsystem.com\/?page_id=534"},"modified":"2024-06-25T11:54:54","modified_gmt":"2024-06-25T08:54:54","slug":"hazir-beton-3","status":"publish","type":"page","link":"http:\/\/tarexsystem.com\/index.php\/hazir-beton-3\/","title":{"rendered":"Haz\u0131r Beton"},"content":{"rendered":"\t\t<div data-elementor-type=\"wp-page\" data-elementor-id=\"534\" class=\"elementor elementor-534\" data-elementor-settings=\"[]\">\n\t\t\t\t\t\t\t<div class=\"elementor-section-wrap\">\n\t\t\t\t\t\t\t<section data-marvy_enable_drop_animation=\"false\" data-marvy_enable_fancy_rotate=\"false\" data-marvy_enable_flying_object=\"false\" data-marvy_enable_ripples_animation=\"false\" data-marvy_enable_waves_animation=\"false\" data-marvy_enable_rings_animation=\"false\" data-marvy_enable_topology_animation=\"false\" data-marvy_enable_gradient_animation=\"false\" data-marvy_enable_snow_animation=\"false\" data-marvy_enable_firework_animation=\"false\" data-particle_enable=\"false\" data-particle-mobile-disabled=\"false\" class=\"elementor-section elementor-top-section elementor-element elementor-element-de73470 elementor-section-boxed elementor-section-height-default elementor-section-height-default\" data-id=\"de73470\" data-element_type=\"section\">\n\t\t\t\t\t\t<div class=\"elementor-container elementor-column-gap-default\">\n\t\t\t\t\t<div class=\"elementor-column elementor-col-50 elementor-top-column elementor-element elementor-element-594d4cc\" data-id=\"594d4cc\" data-element_type=\"column\">\n\t\t\t<div class=\"elementor-widget-wrap elementor-element-populated\">\n\t\t\t\t\t\t\t\t<div class=\"elementor-element elementor-element-5fad612 elementor-widget elementor-widget-image\" data-id=\"5fad612\" data-element_type=\"widget\" data-widget_type=\"image.default\">\n\t\t\t\t<div class=\"elementor-widget-container\">\n\t\t\t\t\t\t\t\t\t\t\t\t\t\t\t<img loading=\"lazy\" decoding=\"async\" width=\"402\" height=\"333\" src=\"http:\/\/tarexsystem.com\/wp-content\/uploads\/2021\/11\/ortabetonx.png\" class=\"attachment-large size-large\" alt=\"\" srcset=\"http:\/\/tarexsystem.com\/wp-content\/uploads\/2021\/11\/ortabetonx.png 402w, http:\/\/tarexsystem.com\/wp-content\/uploads\/2021\/11\/ortabetonx-300x249.png 300w\" sizes=\"auto, (max-width: 402px) 100vw, 402px\" \/>\t\t\t\t\t\t\t\t\t\t\t\t\t\t\t<\/div>\n\t\t\t\t<\/div>\n\t\t\t\t\t<\/div>\n\t\t<\/div>\n\t\t\t\t<div class=\"elementor-column elementor-col-50 elementor-top-column elementor-element elementor-element-9007322\" data-id=\"9007322\" data-element_type=\"column\">\n\t\t\t<div class=\"elementor-widget-wrap elementor-element-populated\">\n\t\t\t\t\t\t\t\t<div class=\"elementor-element elementor-element-24dc173 elementor-widget elementor-widget-text-editor\" data-id=\"24dc173\" data-element_type=\"widget\" data-widget_type=\"text-editor.default\">\n\t\t\t\t<div class=\"elementor-widget-container\">\n\t\t\t\t\t\t\t<strong><b><span style=\"color: #000000; font-family: Stardos Stencil; font-size: 70px;\">TAREX\u00a0<\/span><\/b><\/strong><span style=\"color: #000000; font-family: Arial; font-size: 50px;\">Beton<\/span>\t\t\t\t\t\t<\/div>\n\t\t\t\t<\/div>\n\t\t\t\t<div class=\"elementor-element elementor-element-eb92f14 elementor-widget elementor-widget-text-editor\" data-id=\"eb92f14\" data-element_type=\"widget\" data-widget_type=\"text-editor.default\">\n\t\t\t\t<div class=\"elementor-widget-container\">\n\t\t\t\t\t\t\t<h6><span style=\"color: #000000;\"><strong><em><span class=\"dorner-product-name\">Tarex Beton<\/span><\/em>\u00a0<\/strong>,Kontrol yaz\u0131l\u0131m\u0131 \u00a0modern beton santrallerinde art\u0131k vazge\u00e7ilmezdir.\u00a0Gelece\u011fe haz\u0131r teknolojisi, kullan\u0131c\u0131 dostu kontrol\u00fc ve \u00e7ekici tasar\u0131m\u0131, m\u00fcmk\u00fcn olan en y\u00fcksek verimlili\u011fin garantisidir.\u00a0Pazar liderine g\u00fcvenin!<\/span><\/h6><h6><span style=\"color: #000000;\"><em><strong><span class=\"dorner-product-name\">Tarex Beton<\/span><\/strong><\/em>, y\u00fcksek d\u00fczeyde standardizasyona sahip haz\u0131r beton tesisleri ve prekast tesisleri i\u00e7in geli\u015ftirilmi\u015f ve optimize edilmi\u015ftir.<\/span><\/h6><h6><span style=\"color: #000000;\">Bir \u015fantiyedeki s\u00fcre\u00e7lerde \u00e7ok az hata pay\u0131 vard\u0131r.\u00a0K\u00fc\u00e7\u00fck sorunlar bile domino etkisine neden olabilir ve \u00f6nemli programlar\u0131 bozabilir. <em><strong><span class=\"dorner-product-name\">Tarex Beton<\/span><\/strong><\/em>\u00a0ile de\u011fil\u00a0.\u00a0Bu \u015fu anlama gelir: gerekli t\u00fcm bilgiler her zaman bir bak\u0131\u015fta mevcuttur &#8211; daha fazla veri sadece bir t\u0131k uza\u011f\u0131n\u0131zdad\u0131r.<\/span><\/h6>\t\t\t\t\t\t<\/div>\n\t\t\t\t<\/div>\n\t\t\t\t\t<\/div>\n\t\t<\/div>\n\t\t\t\t\t\t\t<\/div>\n\t\t<\/section>\n\t\t\t\t<section data-marvy_enable_drop_animation=\"false\" data-marvy_enable_fancy_rotate=\"false\" data-marvy_enable_flying_object=\"false\" data-marvy_enable_ripples_animation=\"false\" data-marvy_enable_waves_animation=\"false\" data-marvy_enable_rings_animation=\"false\" data-marvy_enable_topology_animation=\"false\" data-marvy_enable_gradient_animation=\"false\" data-marvy_enable_snow_animation=\"false\" data-marvy_enable_firework_animation=\"false\" data-particle_enable=\"false\" data-particle-mobile-disabled=\"false\" class=\"elementor-section elementor-top-section elementor-element elementor-element-32ff83b elementor-section-boxed elementor-section-height-default elementor-section-height-default\" data-id=\"32ff83b\" data-element_type=\"section\">\n\t\t\t\t\t\t<div class=\"elementor-container elementor-column-gap-default\">\n\t\t\t\t\t<div class=\"elementor-column elementor-col-100 elementor-top-column elementor-element elementor-element-b1ea4c0\" data-id=\"b1ea4c0\" data-element_type=\"column\">\n\t\t\t<div class=\"elementor-widget-wrap elementor-element-populated\">\n\t\t\t\t\t\t\t\t<div class=\"elementor-element elementor-element-dcd37e4 elementor-widget elementor-widget-heading\" data-id=\"dcd37e4\" data-element_type=\"widget\" data-widget_type=\"heading.default\">\n\t\t\t\t<div class=\"elementor-widget-container\">\n\t\t\t<h3 class=\"elementor-heading-title elementor-size-small\">\u00d6zellikler<\/h3>\t\t<\/div>\n\t\t\t\t<\/div>\n\t\t\t\t<div class=\"elementor-element elementor-element-4f4357b elementor-widget-divider--view-line elementor-widget elementor-widget-divider\" data-id=\"4f4357b\" data-element_type=\"widget\" data-widget_type=\"divider.default\">\n\t\t\t\t<div class=\"elementor-widget-container\">\n\t\t\t\t\t<div class=\"elementor-divider\">\n\t\t\t<span class=\"elementor-divider-separator\">\n\t\t\t\t\t\t<\/span>\n\t\t<\/div>\n\t\t\t\t<\/div>\n\t\t\t\t<\/div>\n\t\t\t\t\t<\/div>\n\t\t<\/div>\n\t\t\t\t\t\t\t<\/div>\n\t\t<\/section>\n\t\t\t\t<section data-marvy_enable_drop_animation=\"false\" data-marvy_enable_fancy_rotate=\"false\" data-marvy_enable_flying_object=\"false\" data-marvy_enable_ripples_animation=\"false\" data-marvy_enable_waves_animation=\"false\" data-marvy_enable_rings_animation=\"false\" data-marvy_enable_topology_animation=\"false\" data-marvy_enable_gradient_animation=\"false\" data-marvy_enable_snow_animation=\"false\" data-marvy_enable_firework_animation=\"false\" data-particle_enable=\"false\" data-particle-mobile-disabled=\"false\" class=\"elementor-section elementor-top-section elementor-element elementor-element-65f73de elementor-section-boxed elementor-section-height-default elementor-section-height-default\" data-id=\"65f73de\" data-element_type=\"section\">\n\t\t\t\t\t\t<div class=\"elementor-container elementor-column-gap-default\">\n\t\t\t\t\t<div class=\"elementor-column elementor-col-100 elementor-top-column elementor-element elementor-element-7798a53\" data-id=\"7798a53\" data-element_type=\"column\">\n\t\t\t<div class=\"elementor-widget-wrap elementor-element-populated\">\n\t\t\t\t\t\t\t\t<section data-marvy_enable_drop_animation=\"false\" data-marvy_enable_fancy_rotate=\"false\" data-marvy_enable_flying_object=\"false\" data-marvy_enable_ripples_animation=\"false\" data-marvy_enable_waves_animation=\"false\" data-marvy_enable_rings_animation=\"false\" data-marvy_enable_topology_animation=\"false\" data-marvy_enable_gradient_animation=\"false\" data-marvy_enable_snow_animation=\"false\" data-marvy_enable_firework_animation=\"false\" data-particle_enable=\"false\" data-particle-mobile-disabled=\"false\" class=\"elementor-section elementor-inner-section elementor-element elementor-element-1e473d5 elementor-section-boxed elementor-section-height-default elementor-section-height-default\" data-id=\"1e473d5\" data-element_type=\"section\">\n\t\t\t\t\t\t<div class=\"elementor-container elementor-column-gap-default\">\n\t\t\t\t\t<div class=\"elementor-column elementor-col-20 elementor-inner-column elementor-element elementor-element-bfe85cf\" data-id=\"bfe85cf\" data-element_type=\"column\">\n\t\t\t<div class=\"elementor-widget-wrap elementor-element-populated\">\n\t\t\t\t\t\t\t\t<div class=\"elementor-element elementor-element-39c7cee elementor-position-top elementor-vertical-align-top elementor-widget elementor-widget-image-box\" data-id=\"39c7cee\" data-element_type=\"widget\" data-widget_type=\"image-box.default\">\n\t\t\t\t<div class=\"elementor-widget-container\">\n\t\t\t<div class=\"elementor-image-box-wrapper\"><figure class=\"elementor-image-box-img\"><img loading=\"lazy\" decoding=\"async\" width=\"300\" height=\"300\" src=\"http:\/\/tarexsystem.com\/wp-content\/uploads\/2022\/03\/eirsaliye.png\" class=\"attachment-full size-full\" alt=\"\" \/><\/figure><div class=\"elementor-image-box-content\"><h3 class=\"elementor-image-box-title\">e-\u0130rsaliye<\/h3><p class=\"elementor-image-box-description\">e-\u0130rsaliye entegrasyonu <\/p><\/div><\/div>\t\t<\/div>\n\t\t\t\t<\/div>\n\t\t\t\t\t<\/div>\n\t\t<\/div>\n\t\t\t\t<div class=\"elementor-column elementor-col-20 elementor-inner-column elementor-element elementor-element-1a12085\" data-id=\"1a12085\" data-element_type=\"column\">\n\t\t\t<div class=\"elementor-widget-wrap elementor-element-populated\">\n\t\t\t\t\t\t\t\t<div class=\"elementor-element elementor-element-b2d65c8 elementor-position-top elementor-vertical-align-top elementor-widget elementor-widget-image-box\" data-id=\"b2d65c8\" data-element_type=\"widget\" data-widget_type=\"image-box.default\">\n\t\t\t\t<div class=\"elementor-widget-container\">\n\t\t\t<div class=\"elementor-image-box-wrapper\"><figure class=\"elementor-image-box-img\"><img loading=\"lazy\" decoding=\"async\" width=\"297\" height=\"297\" src=\"http:\/\/tarexsystem.com\/wp-content\/uploads\/2022\/03\/ebis.png\" class=\"attachment-full size-full\" alt=\"\" \/><\/figure><div class=\"elementor-image-box-content\"><h3 class=\"elementor-image-box-title\">Ebis<\/h3><p class=\"elementor-image-box-description\">Ebis kare kod uygulamas\u0131 <\/p><\/div><\/div>\t\t<\/div>\n\t\t\t\t<\/div>\n\t\t\t\t\t<\/div>\n\t\t<\/div>\n\t\t\t\t<div class=\"elementor-column elementor-col-20 elementor-inner-column elementor-element elementor-element-6b82da1\" data-id=\"6b82da1\" data-element_type=\"column\">\n\t\t\t<div class=\"elementor-widget-wrap elementor-element-populated\">\n\t\t\t\t\t\t\t\t<div class=\"elementor-element elementor-element-6efb968 elementor-position-top elementor-vertical-align-top elementor-widget elementor-widget-image-box\" data-id=\"6efb968\" data-element_type=\"widget\" data-widget_type=\"image-box.default\">\n\t\t\t\t<div class=\"elementor-widget-container\">\n\t\t\t<div class=\"elementor-image-box-wrapper\"><figure class=\"elementor-image-box-img\"><img loading=\"lazy\" decoding=\"async\" width=\"300\" height=\"301\" src=\"http:\/\/tarexsystem.com\/wp-content\/uploads\/2022\/03\/sms.png\" class=\"attachment-full size-full\" alt=\"\" \/><\/figure><div class=\"elementor-image-box-content\"><h3 class=\"elementor-image-box-title\">Sms<\/h3><p class=\"elementor-image-box-description\">G\u00fcn sonu \u00fcretim sonu\u00e7lar\u0131 SMS olarak bilgilendirilir<\/p><\/div><\/div>\t\t<\/div>\n\t\t\t\t<\/div>\n\t\t\t\t\t<\/div>\n\t\t<\/div>\n\t\t\t\t<div class=\"elementor-column elementor-col-20 elementor-inner-column elementor-element elementor-element-074b031\" data-id=\"074b031\" data-element_type=\"column\">\n\t\t\t<div class=\"elementor-widget-wrap elementor-element-populated\">\n\t\t\t\t\t\t\t\t<div class=\"elementor-element elementor-element-cc4112b elementor-position-top elementor-vertical-align-top elementor-widget elementor-widget-image-box\" data-id=\"cc4112b\" data-element_type=\"widget\" data-widget_type=\"image-box.default\">\n\t\t\t\t<div class=\"elementor-widget-container\">\n\t\t\t<div class=\"elementor-image-box-wrapper\"><figure class=\"elementor-image-box-img\"><img loading=\"lazy\" decoding=\"async\" width=\"390\" height=\"357\" src=\"http:\/\/tarexsystem.com\/wp-content\/uploads\/2022\/03\/mail-1.png\" class=\"attachment-full size-full\" alt=\"\" \/><\/figure><div class=\"elementor-image-box-content\"><h3 class=\"elementor-image-box-title\">Mail<\/h3><p class=\"elementor-image-box-description\">G\u00fcn sonu \u00fcretim sonu\u00e7lar\u0131 Mail olarak bilgilendirilir<\/p><\/div><\/div>\t\t<\/div>\n\t\t\t\t<\/div>\n\t\t\t\t\t<\/div>\n\t\t<\/div>\n\t\t\t\t<div class=\"elementor-column elementor-col-20 elementor-inner-column elementor-element elementor-element-34eba12\" data-id=\"34eba12\" data-element_type=\"column\">\n\t\t\t<div class=\"elementor-widget-wrap elementor-element-populated\">\n\t\t\t\t\t\t\t\t<div class=\"elementor-element elementor-element-5bfbcae elementor-position-top elementor-vertical-align-top elementor-widget elementor-widget-image-box\" data-id=\"5bfbcae\" data-element_type=\"widget\" data-widget_type=\"image-box.default\">\n\t\t\t\t<div class=\"elementor-widget-container\">\n\t\t\t<div class=\"elementor-image-box-wrapper\"><figure class=\"elementor-image-box-img\"><img loading=\"lazy\" decoding=\"async\" width=\"1824\" height=\"1074\" src=\"http:\/\/tarexsystem.com\/wp-content\/uploads\/2022\/03\/server.png\" class=\"attachment-full size-full\" alt=\"\" \/><\/figure><div class=\"elementor-image-box-content\"><h3 class=\"elementor-image-box-title\">SQL Server<\/h3><p class=\"elementor-image-box-description\">Tarex system'de bulunan b\u00fct\u00fcn veriler uzak SQL Server 'de yedeklenir.<\/p><\/div><\/div>\t\t<\/div>\n\t\t\t\t<\/div>\n\t\t\t\t\t<\/div>\n\t\t<\/div>\n\t\t\t\t\t\t\t<\/div>\n\t\t<\/section>\n\t\t\t\t<section data-marvy_enable_drop_animation=\"false\" data-marvy_enable_fancy_rotate=\"false\" data-marvy_enable_flying_object=\"false\" data-marvy_enable_ripples_animation=\"false\" data-marvy_enable_waves_animation=\"false\" data-marvy_enable_rings_animation=\"false\" data-marvy_enable_topology_animation=\"false\" data-marvy_enable_gradient_animation=\"false\" data-marvy_enable_snow_animation=\"false\" data-marvy_enable_firework_animation=\"false\" data-particle_enable=\"false\" data-particle-mobile-disabled=\"false\" class=\"elementor-section elementor-inner-section elementor-element elementor-element-61e6fdf elementor-section-boxed elementor-section-height-default elementor-section-height-default\" data-id=\"61e6fdf\" data-element_type=\"section\">\n\t\t\t\t\t\t<div class=\"elementor-container elementor-column-gap-default\">\n\t\t\t\t\t<div class=\"elementor-column elementor-col-20 elementor-inner-column elementor-element elementor-element-4b51d37\" data-id=\"4b51d37\" data-element_type=\"column\">\n\t\t\t<div class=\"elementor-widget-wrap elementor-element-populated\">\n\t\t\t\t\t\t\t\t<div class=\"elementor-element elementor-element-2d9e558 elementor-position-top elementor-vertical-align-top elementor-widget elementor-widget-image-box\" data-id=\"2d9e558\" data-element_type=\"widget\" data-widget_type=\"image-box.default\">\n\t\t\t\t<div class=\"elementor-widget-container\">\n\t\t\t<div class=\"elementor-image-box-wrapper\"><figure class=\"elementor-image-box-img\"><img loading=\"lazy\" decoding=\"async\" width=\"494\" height=\"589\" src=\"http:\/\/tarexsystem.com\/wp-content\/uploads\/2022\/03\/Stabil.png\" class=\"attachment-full size-full\" alt=\"\" \/><\/figure><div class=\"elementor-image-box-content\"><h3 class=\"elementor-image-box-title\">Stabilizasyon<\/h3><p class=\"elementor-image-box-description\">Tart\u0131mlar geli\u015fmi\u015f algoritmalar ile  en yak\u0131n de\u011ferler yakalan\u0131r.<\/p><\/div><\/div>\t\t<\/div>\n\t\t\t\t<\/div>\n\t\t\t\t\t<\/div>\n\t\t<\/div>\n\t\t\t\t<div class=\"elementor-column elementor-col-20 elementor-inner-column elementor-element elementor-element-f81ca26\" data-id=\"f81ca26\" data-element_type=\"column\">\n\t\t\t<div class=\"elementor-widget-wrap elementor-element-populated\">\n\t\t\t\t\t\t\t\t<div class=\"elementor-element elementor-element-e80b212 elementor-position-top elementor-vertical-align-top elementor-widget elementor-widget-image-box\" data-id=\"e80b212\" data-element_type=\"widget\" data-widget_type=\"image-box.default\">\n\t\t\t\t<div class=\"elementor-widget-container\">\n\t\t\t<div class=\"elementor-image-box-wrapper\"><figure class=\"elementor-image-box-img\"><img loading=\"lazy\" decoding=\"async\" width=\"503\" height=\"288\" src=\"http:\/\/tarexsystem.com\/wp-content\/uploads\/2022\/03\/masa.png\" class=\"attachment-full size-full\" alt=\"\" \/><\/figure><div class=\"elementor-image-box-content\"><h3 class=\"elementor-image-box-title\">Otomasyon<\/h3><p class=\"elementor-image-box-description\">Pc kontroll\u00fc otomasyon sistemi<\/p><\/div><\/div>\t\t<\/div>\n\t\t\t\t<\/div>\n\t\t\t\t\t<\/div>\n\t\t<\/div>\n\t\t\t\t<div class=\"elementor-column elementor-col-20 elementor-inner-column elementor-element elementor-element-a3c4596\" data-id=\"a3c4596\" data-element_type=\"column\">\n\t\t\t<div class=\"elementor-widget-wrap elementor-element-populated\">\n\t\t\t\t\t\t\t\t<div class=\"elementor-element elementor-element-03b07ba elementor-position-top elementor-vertical-align-top elementor-widget elementor-widget-image-box\" data-id=\"03b07ba\" data-element_type=\"widget\" data-widget_type=\"image-box.default\">\n\t\t\t\t<div class=\"elementor-widget-container\">\n\t\t\t<div class=\"elementor-image-box-wrapper\"><figure class=\"elementor-image-box-img\"><img loading=\"lazy\" decoding=\"async\" width=\"320\" height=\"339\" src=\"http:\/\/tarexsystem.com\/wp-content\/uploads\/2022\/03\/hdd.png\" class=\"attachment-full size-full\" alt=\"\" \/><\/figure><div class=\"elementor-image-box-content\"><h3 class=\"elementor-image-box-title\">HDD<\/h3><p class=\"elementor-image-box-description\">Tarex System 'deki veriler g\u00fcnl\u00fck  yedekleme yap\u0131l\u0131r.<\/p><\/div><\/div>\t\t<\/div>\n\t\t\t\t<\/div>\n\t\t\t\t\t<\/div>\n\t\t<\/div>\n\t\t\t\t<div class=\"elementor-column elementor-col-20 elementor-inner-column elementor-element elementor-element-821e4c7\" data-id=\"821e4c7\" data-element_type=\"column\">\n\t\t\t<div class=\"elementor-widget-wrap elementor-element-populated\">\n\t\t\t\t\t\t\t\t<div class=\"elementor-element elementor-element-6c7034a elementor-position-top elementor-vertical-align-top elementor-widget elementor-widget-image-box\" data-id=\"6c7034a\" data-element_type=\"widget\" data-widget_type=\"image-box.default\">\n\t\t\t\t<div class=\"elementor-widget-container\">\n\t\t\t<div class=\"elementor-image-box-wrapper\"><figure class=\"elementor-image-box-img\"><img loading=\"lazy\" decoding=\"async\" width=\"447\" height=\"261\" src=\"http:\/\/tarexsystem.com\/wp-content\/uploads\/2022\/03\/tablet.png\" class=\"attachment-full size-full\" alt=\"\" \/><\/figure><div class=\"elementor-image-box-content\"><h3 class=\"elementor-image-box-title\">Tablet<\/h3><p class=\"elementor-image-box-description\">\u00dcretim  sonu\u00e7lar\u0131 tablet pc ve telefon ile her yerden kontrol edebilirsiniz<\/p><\/div><\/div>\t\t<\/div>\n\t\t\t\t<\/div>\n\t\t\t\t\t<\/div>\n\t\t<\/div>\n\t\t\t\t<div class=\"elementor-column elementor-col-20 elementor-inner-column elementor-element elementor-element-ba4d153\" data-id=\"ba4d153\" data-element_type=\"column\">\n\t\t\t<div class=\"elementor-widget-wrap elementor-element-populated\">\n\t\t\t\t\t\t\t\t<div class=\"elementor-element elementor-element-e990d4e elementor-position-top elementor-vertical-align-top elementor-widget elementor-widget-image-box\" data-id=\"e990d4e\" data-element_type=\"widget\" data-widget_type=\"image-box.default\">\n\t\t\t\t<div class=\"elementor-widget-container\">\n\t\t\t<div class=\"elementor-image-box-wrapper\"><figure class=\"elementor-image-box-img\"><img loading=\"lazy\" decoding=\"async\" width=\"395\" height=\"382\" src=\"http:\/\/tarexsystem.com\/wp-content\/uploads\/2022\/03\/yazici.png\" class=\"attachment-full size-full\" alt=\"\" \/><\/figure><div class=\"elementor-image-box-content\"><h3 class=\"elementor-image-box-title\">Yaz\u0131c\u0131<\/h3><p class=\"elementor-image-box-description\">Geli\u015ftirilmi\u015f raporlama ve yazd\u0131rma \u00f6zellikleri <\/p><\/div><\/div>\t\t<\/div>\n\t\t\t\t<\/div>\n\t\t\t\t\t<\/div>\n\t\t<\/div>\n\t\t\t\t\t\t\t<\/div>\n\t\t<\/section>\n\t\t\t\t<div class=\"elementor-element elementor-element-76f861a elementor-aspect-ratio-169 elementor-widget elementor-widget-video\" data-id=\"76f861a\" data-element_type=\"widget\" data-settings=\"{&quot;youtube_url&quot;:&quot;https:\\\/\\\/www.youtube.com\\\/watch?v=-0KJOlpyKo0&quot;,&quot;video_type&quot;:&quot;youtube&quot;,&quot;controls&quot;:&quot;yes&quot;,&quot;aspect_ratio&quot;:&quot;169&quot;}\" data-widget_type=\"video.default\">\n\t\t\t\t<div class=\"elementor-widget-container\">\n\t\t\t\t\t<div class=\"elementor-wrapper elementor-fit-aspect-ratio elementor-open-inline\">\n\t\t\t<div class=\"elementor-video\"><\/div>\t\t<\/div>\n\t\t\t\t<\/div>\n\t\t\t\t<\/div>\n\t\t\t\t\t<\/div>\n\t\t<\/div>\n\t\t\t\t\t\t\t<\/div>\n\t\t<\/section>\n\t\t\t\t\t\t<\/div>\n\t\t\t\t\t<\/div>\n\t\t","protected":false},"excerpt":{"rendered":"<p>TAREX\u00a0Beton Tarex Beton\u00a0,Kontrol yaz\u0131l\u0131m\u0131 \u00a0modern beton santrallerinde art\u0131k vazge\u00e7ilmezdir.\u00a0Gelece\u011fe haz\u0131r teknolojisi, kullan\u0131c\u0131 dostu kontrol\u00fc ve \u00e7ekici tasar\u0131m\u0131, m\u00fcmk\u00fcn olan en y\u00fcksek verimlili\u011fin garantisidir.\u00a0Pazar liderine g\u00fcvenin! Tarex Beton, y\u00fcksek d\u00fczeyde standardizasyona sahip haz\u0131r beton tesisleri ve prekast tesisleri i\u00e7in geli\u015ftirilmi\u015f ve optimize edilmi\u015ftir. Bir \u015fantiyedeki s\u00fcre\u00e7lerde \u00e7ok az hata pay\u0131 vard\u0131r.\u00a0K\u00fc\u00e7\u00fck sorunlar bile domino etkisine neden [&hellip;]<\/p>\n","protected":false},"author":1,"featured_media":0,"parent":0,"menu_order":0,"comment_status":"closed","ping_status":"closed","template":"elementor_header_footer","meta":{"footnotes":""},"class_list":["post-534","page","type-page","status-publish","hentry"],"_links":{"self":[{"href":"http:\/\/tarexsystem.com\/index.php\/wp-json\/wp\/v2\/pages\/534","targetHints":{"allow":["GET"]}}],"collection":[{"href":"http:\/\/tarexsystem.com\/index.php\/wp-json\/wp\/v2\/pages"}],"about":[{"href":"http:\/\/tarexsystem.com\/index.php\/wp-json\/wp\/v2\/types\/page"}],"author":[{"embeddable":true,"href":"http:\/\/tarexsystem.com\/index.php\/wp-json\/wp\/v2\/users\/1"}],"replies":[{"embeddable":true,"href":"http:\/\/tarexsystem.com\/index.php\/wp-json\/wp\/v2\/comments?post=534"}],"version-history":[{"count":4,"href":"http:\/\/tarexsystem.com\/index.php\/wp-json\/wp\/v2\/pages\/534\/revisions"}],"predecessor-version":[{"id":3088,"href":"http:\/\/tarexsystem.com\/index.php\/wp-json\/wp\/v2\/pages\/534\/revisions\/3088"}],"wp:attachment":[{"href":"http:\/\/tarexsystem.com\/index.php\/wp-json\/wp\/v2\/media?parent=534"}],"curies":[{"name":"wp","href":"https:\/\/api.w.org\/{rel}","templated":true}]}}